at is 98 - (227 + -46 + -1)?
-82
What is the value of (-28 - (-25 + 2)) + (0 - 9)?
-14
Evaluate -2 - -107 - (-73 - (-8 - 100)).
70
Evaluate -49 - (6 + -6 + 17 + -14 + (-3 - -1)).
-50
What is 10 + (-5 - 11) - (15 + -7 - -36 - -1)?
-51
What is -17 - ((6 - -56) + -71)?
-8
-54 - (-48 - 1) - (-4 + 2 + 42 + 5)
-50
1 + -23 - (-58 + (-15 - -64)) - 49
-62
Calculate -16 + (97 - (16 - 17)) + 2 + 9.
93
Calculate -20 + (6 - 47) + 50.
-11
What is the value of -29 - (7 - ((-13 - 8) + 11))?
-46
-33 - (-1 + -58 - (21 - 48))
-1
What is the value of (32 - -1) + (18631 - 18614)?
50
Evaluate (18 + -16 - 1 - 23) + -19.
-41
0 + (0 - 3) - (-455 + 441)
11
23 + (31 - -9 - 79) + 35
19
What is 17 - (-27 - (-18 - 40)) - (9 - 1)?
-22
-27 + 46 - 39 - -6 - (0 - 2)
-12
What is the value of -17 + (15 - 7) + 11 - (15 - 92)?
79
What is the value of 24 + (-50 + 13 - -39)?
26
Calculate -67 - (-60 + -42 + 65).
-30
Evaluate -1 - (1 + 0) - (57 - (-3 + 39 + -62)).
-85
4 + 7 + (-9 - -6) - (-120 + 174)
-46
Evaluate 35 - (-2 + 2 + 1) - (-16 - 6 - -27).
29
Calculate 38 - (62 + (-1 - -44)).
-67
What is 46 - 6 - (-51 + 67)?
24
Evaluate (-13 + (16 - 2) - 14) + 21 + 1 - 115.
-106
What is -4669 - -4548 - (-4 - ((0 - 0) + 3 - 3))?
-117
Calculate 7 + -21 - ((-86 - -23) + 2 + -1).
48
Calculate 98 + 12 + -22 - 45.
43
What is -68 + 9 + 32 + 70?
43
Calculate -5 - (25 + (34 - 16) + -17).
-31
Calculate -2 + -19 - 2 - (432 - (671 - 227)).
-11
Evaluate (-132 - 14) + -13 - -166.
7
What is -18 + (94 - 16) + -39 + 0 + -13?
8
-61 - (72 + (-94 - -45))
-84
-120 + (-23 - -106 - -6)
-31
Calculate 2 + -1 + -2 - (-1323 - -1387 - (128 - -2)).
65
What is (74 - (245 - 132)) + 40?
1
What is 0 + 19 + (54 - (86 - -9))?
-22
What is the value of -11 + 1 - (-2 + (53 + -30 - 36))?
5
Evaluate (85 - (-6 - -11)) + (-8 - (-13 + -19) - 27).
77
-6 + 33 + (54 - 15) + -206
-140
What is the value of -1 - -19 - (-78 + 144)?
-48
Calculate 110 + (-16 + -6 + 49 + -7 - 19).
111
-5 + 0 - (26 + 204 - 156)
-79
What is 48 - ((70 - -60) + -60)?
-22
Evaluate -18 + -1 - (6 + (101 - 81)).
-45
What is the value of 78 - (-12 + (-42 - (-18 + -9)))?
105
What is the value of 5476 - 5509 - (-19 - 0)?
-14
(9 - (12 + -6)) + (19 - (31 - 14))
5
What is -45 + (7 + -16 + (5 - 1) - (-26 - -31))?
-55
28 + 1 + 28 - 103
-46
Calculate (-68 - (12 + -59)) + 20.
-1
What is 15 + (-1 - 1) + (7 + -5 - -8)?
23
Calculate (3 - 10 - 0) + 46 + -5.
34
What is -2 - -7 - (1255 + -1304)?
54
What is -50 + (32 - 41) + 4 + 1?
-54
Evaluate (-43 - -46) + (-6 - -10) + -1 + 37.
43
Calculate 31 - (88 - (-69 - -81)).
-45
What is 29 + -14 + 2 - 5 - (-1 - -3 - 13)?
23
What is the value of 38 + (-805 - -799) + 4 + (6 - 3)?
39
Evaluate 19 - (52 - -12) - -38.
-7
What is the value of -3 + (-35 + 74 - (13 + -1 + 0))?
24
Calculate (4691 - 4689) + -69 + (2 - 1) - -10.
-56
Evaluate (-2 - 0) + (-3 - -14) + (-88 - -35) + -17.
-61
What is ((-1 - -14) + -1 - (-31 - -36)) + -41?
-34
-52 + 17 + (-4 - 2 - -11) + 0 + 3
-27
What is the value of -9 + 43 + -12 - (-12 - -8 - -3)?
23
Calculate (-50 - (5 - -18)) + -28 + 16.
-85
Evaluate -12 + (-56 + (-2 - -1) - (982 - 985)).
-66
What is the value of (86 - 85) + (-8 - (1 + (3 - 4 - 3)))?
-4
-570 + 558 - (4 - -2) - 1
-19
Evaluate -51 - -37 - 37 - -71.
20
What is -15 + (-24 - (-11 + 13)) + 5?
-36
Calculate -43 + 12 + 24 + (-5 - -9) + -27.
-30
Evaluate (-131 - -131) + (0 - 0) + 27.
27
What is the value of (8 + 0 - ((124 - 47) + -76)) + 6?
13
53 + 36 + -9 + -15
65
Calculate (0 + -10 - (-103 + 92)) + 8 + (-8 - -9).
10
(1 - -2 - -3) + 366 + -378
-6
What is (0 + 8 - (88 + 2)) + (-19 - -36)?
-65
Calculate 71 + (-158 + 145 - (-3 - 0)).
61
What is -107 - -1 - (15 + (-2 - -21) + (-34 - -6))?
-112
What is -4 - ((17 - 7) + -8) - ((-9 - 9) + 114)?
-102
-16 + (-72 - -32) + 71
15
What is 50 + 0 + 42 + 15 + (19 - 101)?
25
Calculate -62 + -9 + 19 - -29.
-23
10 - (2 - -3) - (1 + 7 - (-10 + -11))
-24
What is (29 - (74 + -14) - 14) + -17?
-62
What is the value of (16 - 58) + (-16 - -20)?
-38
What is 529 + -516 - (-32 + 4 + -4)?
45
What is 15 - (3 - 10 - (6 + -12 + 6) - -74)?
-52
47 + 80 + -74 - 51
2
-35 + (-20 - (20 + -14) - 1)
-62
What is the value of 16 + (-43 - -85 - 69) + 20?
9
-2 - (-62 + 46 + (0 - (-4 + -54)))
-44
What is -106 - (-66 - (-127 + 77) - (1 + -3))?
-92
Calculate (44 + 35 - 5) + -11.
63
What is the value of 71 + -194 - (-64 - 5)?
-54
-114 + (1 - 0) + (34 - (-31 - -53))
-101
Evaluate (-441 - -493) + (-14 - 0) + -63.
-25
Calculate (34 - (7 + 2 + -5)) + 13 + 31 + -47.
27
What is the value of (-23 - (-66 + 50)) + 3?
-4
What is (2 - -24) + 1 - ((315 - 341) + 31 + 0)?
22
-17 + 60 + (47 - 62) - 100
-72
-59 + -42 + 191 - (-4 + 1 - (-9 - 0))
84
Calculate -112 + 19 + 114 + -96.
-75
5 + 0 + (-7 - 0) + 0 + (7 - 49)
-44
What is -67 + 0 + 76 + -48 + -12?
-51
What is -1 - -89 - (328 - 164 - 185)?
109
What is the value of 1 - -1 - (-26 + -8 + 40 + 7)?
-11
Calculate 93 + (17 - 4) + -56.
50
Evaluate 4 + -3 + (-4 - 4) - (30 + 66 + -23).
-80
What is the value of 3 - (-9 + 32) - (-63 - -41)?
2
Calculate -49 + 32 - ((0 - 0 - 4) + -11).
-2
-13 - -4 - (-7 + 5 + 1) - 0 - -74
66
Evaluate 38 + (37 + 3 - (-242 - -315)).
5
Evaluate 92 + 9 + -17 + -14 - (-1 + -2 + -7).
80
(-15 - (-29 - -23)) + -22 + 8
-23
What is 10 + (18 - (145 - -19) - -23 - 12)?
-125
What is -1 + 1 + -31 - ((-138 - -102) + 30)?
-25
What is the value of 69 + (-24 - -1 - (1377 + -1394))?
63
What is the value of 70 + 6 + -23 + 43 + -26?
70
Evaluate (-62 - (-2 + 4)) + 19200 + -19225.
-89
Calculate -11 + 32 - 3 - (1 - 18).
35
Evaluate -14 + (2 + (-5 - 1) - 3) + (28 - 12).
-5
Calculate 3 + 10 + (-15 - (13 + -24 + (8 - 1))).
2
-8 + 119 + -31 - 8 - -50
122
What is -21 + (5 + -12 - (14 - 21 - -13))?
-34
Evaluate -5 + (-13 - (-32 + 0 + -67)).
81
What is 9 + 0 + 1 - ((21 - 26) + -31 - -34)?
12
(6 + -4 + 3 - 10) + 23 + -26 + 45
37
What is the value of -6 + 0 + (-7 - -16) + 105 + 17 + -16?
109
Evaluate (-21 - ((0 - (4 - 4)) + -21 + 28)) + -4.
-32
What is the value of -2 + 40 + 163 + -181 + 45?
65
What is 28 - (70 - (-48 + 35))?
-55
Calculate (198 - (332 + -174)) + -1 + 2.
41
What is (7 + -18 - -68) + 3?
60
What is the value of (-6 - -15) + 255 + -312 + -6 + (-2 - -1)?
-55
What is the value of -3 - 20 - (32 + -44 + -4 + -34)?
27
What is the value of 65 - 121 - (-15 - 17)?
-24
Calculate 58 + (-42 + 18 - 83).
-49
What is the value of -2255 + 2273 + (1 - -62)?
81
What is the value of (-3 + -46 - -98) + -68?
-19
Calculate (-15 - -8 - 34) + (2 - (1 + -2)).
-38
What is the value of (9 - 4 - 0) + (-3 + -17 - (3 - -4))?
-22
1 - -43 - (2618 + -2621)
47
What is -42 - (-36 - (-21 + -10 + 3))?
-34
What is the value of (-90 - -69) + -14 - -88?
53
What is the value of (21 - 0) + 33 + -70 - -32?
16
Calculate (-893 - -825) + 3 + 62.
-3
Evaluate 3 - 3 - -2 - (-1548 + 1513).
37
(-1 - 1) + -2 + -60 + -15 + -6 + 16
-69
Calculate 2287 + -2248 - (2 + -10 + 0).
47
What is 10 - ((-9 - 8) + 1 + (3 + 2 - 0))?
21
What is the value of 56 + (-6 - 53 - -76)?
73
-121 + (11 - -2) + (19 - 34 - -8 - 8)
-123
Evaluate 16 + (3 - 3) + -21 + 42 + 6 + 0.
43
Calculate -62 - (-39 + 11 + (-92 - -127)).
-69
(89 - 130 - -10) + 1 + 98
68
(-6 - -2 - 17) + (163 - 29) + -24
89
Calculate (50 - 3) + (10 - (14 + 0)) - (8 - 0).
35
Calculate -3 + 1 - (-113 + 105 + -11 + 52).
-35
What is the value of 30 - 2 - (-43 + -24 + 46)?
49
Evaluate 2 - -48 - (45 + 36 + -74).
43
Evaluate 38 - (-17 + 2 + -4 + 26).
31
Calculate 18 - (41 + (-6 - 30) - (10 - -2)).
25
What is (-15 - 26 - (17 + -11 + -6)) + 13?
-28
(-2 - 0) + (-5 - -11 - 5) - (-1 + 48)
-48
Evaluate (1 - -9) + 18 + -91.
-63
49 + (33 + 16 + -8 - 48)
42
Evaluate (10 - 1) + (10 - 32) + -13 - (1 + 3).
-30
50 - (41 - (14 + -17))
6
What is 0 + (-49 - (-16 + 4 + (1 - 3)))?
-35
1871 + -1963 + (-14 - -4)
-102
What is the value of 15 - (-631 + 634 + (57 - -1))?
-46
Evaluate -1083 - -1088 - (47 - 3).
-39
Evaluate (-2 - 29 - (19 + -41 + 11)) + 1.
-19
What is -23 - (153 + -152) - 126?
-150
What is the value of 9 - ((5 - 35) + 90 + -11)?
-40
What is the value of -1 + -2 - ((41 - 57) + 7 + 18)?
-12
What is the value of 35 + -17 - (22 + (-2 - 11)) - -20?
29
What is the value of 14 + (2 + 20 + -36 + 20 - 24)?
-4
What is the value of -4 + (2 + 0 - (-381 - -376))?
3
What is 11 + (-2 + -4 - (-10 - -7)) + (-29 - -47)?
26
What is the value of 31 - (-64 - (-1